-18))/((-1)/159) is divided by ((-3)/27)/(6/(-162))*(-71)/(-3)?
70
Let n = -4687 + 4918. What is the remainder when n is divided by 113?
5
Suppose 0 = 9*z - 281 + 371. Let r(n) = -n**3 - 9*n**2 + 6*n - 26. Calculate the remainder when 48 is divided by r(z).
6
Let d(x) = x**3 + 11*x**2 - 8*x - 150. What is the remainder when 725 is divided by d(-8)?
89
Let g = 2209 - 2061. Calculate the remainder when g is divided by 25.
23
Suppose 0 = 3*q + q - 2*n + 826, -5*n = -4*q - 817. What is the remainder when 99 is divided by 15*6/270 - q/6?
29
Let o(i) = 17*i**2 + i - 1. Let v be o(1). Suppose 13*t - v*t - 656 = 0. Let d = -68 - t. Calculate the remainder when d is divided by 14.
12
Let o = 88 - -53. Let x = -3 - -6. Suppose 0 = -j + 2, 0 = -4*t + x*j + 108 + 78. Calculate the remainder when o is divided by t.
45
Suppose -5*m - 3872 + 4632 = 0. Calculate the remainder when 441 is divided by m.
137
Suppose -10*p - 3*u + 168 = -7*p, -3*p = -u - 164. Suppose i + 2*h = 261 + 11, 2*i = 4*h + 544. Calculate the remainder when i is divided by p.
52
What is the remainder when 6428 is divided by (-402)/((87/(-6) + 15)*(-12)/2)?
130
Suppose 4*t - 8 = 24. Let g(o) = 5*o - 117. Let k = 245 - 221. What is the remainder when t is divided by g(k)?
2
Let u be (-108)/(-90)*(12/(-8) + 4). Suppose -i - 3*b = -4*b - 257, i = u*b + 267. What is the remainder when i is divided by 16?
12
Let g be 27/3*(-15)/9. Let o be -24*5/(g/2). Let t(p) = -p + 31. Calculate the remainder when 26 is divided by t(o).
11
Let g be ((-4)/10)/(10/(-25))*185. Let n = 52 + g. Suppose -w = 4*u - 69, -3*u = w + 3*w - n. Calculate the remainder when 112 is divided by w.
55
Suppose 277*f - 286*f - 4518 = 0. Let h = f - -1099. What is the remainder when h is divided by 23?
22
Suppose 0 = 5*b - y - 19185, 5*y + 15369 = 2*b + 2*b. What is the remainder when b is divided by 547?
7
Suppose -16406*z + 16409*z = 69. Suppose -328 = -6*m + 80. What is the remainder when m is divided by z?
22
Suppose -2318 = -4*y - r, 0 = -4*y + 845*r - 850*r + 2342. What is the remainder when y is divided by 188?
14
Calculate the remainder when 8 + 59124/42 + (-4)/(-14) is divided by 62.
52
Let v = 9241 + -9012. Calculate the remainder when 231 is divided by v.
2
Let u be 2 + 3*(3 - 4). Let j(n) = -4*n - 1. Let y be j(u). Suppose 5*w = -q + 53, -99 = -y*q + 3*w + 2*w. What is the remainder when q is divided by 14?
10
Suppose 0 = 5*z - 0*z - 1030. Let j = 52 + -26. What is the remainder when z is divided by j?
24
Suppose -b = -2*a - 13 - 0, -2*b - 4*a + 26 = 0. Let d(g) = -26*g + 48. Let f be d(3). What is the remainder when (-6)/f - (-488)/10 is divided by b?
10
Let l = 2845 + -1420. Suppose -l = 4*j - 19*j. What is the remainder when j is divided by 20?
15
Let t = -26166 - -26565. Calculate the remainder when t is divided by 131.
6
Suppose 1444 = 13*i - 485 - 658. What is the remainder when 219 is divided by i?
20
Let m be (-1449)/(-115) - 4/(-10). What is the remainder when 11 is divided by 7 - (-52)/(-8) - m/(-2)?
4
Suppose 11*h = -2*h + 2350 - 881. Suppose 3*u - 29 = 28. What is the remainder when h is divided by u?
18
Suppose 70*j - 10 = 65*j, 4*x - 9060 = 4*j. Calculate the remainder when x is divided by 28.
27
Suppose -15*d = 3 - 33. What is the remainder when 67 is divided by 34*5/10 + d?
10
Let q(n) = -13*n + 32. Let d be q(2). Let p(b) = 2*b + 23. Let g(y) = y. Let h(c) = -4*g(c) + p(c). Calculate the remainder when 239 is divided by h(d).
8
Let g = 6485 - 6132. What is the remainder when g is divided by 78?
41
Let u(o) = -30*o + 87. Let r be u(7). Let a = -113 - r. Calculate the remainder when 97 is divided by a.
7
Suppose 0 = 2*q - 131 + 37. Let p be 2/((-299)/624 - (-1)/2). Let f = q + p. Calculate the remainder when f is divided by 29.
27
Suppose -2*u + 5*d = -16, -3*d - 5 = -u + d. Suppose 0 = 2*v + 5*f - 174, -u*v - f + 182 = -11*v. What is the remainder when v is divided by 14?
8
Let t(w) = -4*w**3 - 7*w**2 + 5. Let v(d) = -6*d - 4. Let k be v(-2). Let z be (-22)/k - 3/(-24)*-2. Calculate the remainder when t(z) is divided by 11.
6
Let r be (-16)/(-12)*(3 - 9/6). Let h be ((-4)/(-12))/((r + 0)/42). Suppose -h*c + 24 = -3*c. What is the remainder when 17 is divided by c?
5
Let m be 37*42/(3 - -3). Suppose m = 6*c - 185. Let y = 43 - 17. What is the remainder when c is divided by y?
22
Suppose -2*d + 8 = 0, -171*j - 132 = -174*j - 3*d. Calculate the remainder when 1077 is divided by j.
37
Suppose -4 = 2*v, 7*o + 3*v + 12830 = 11*o. What is the remainder when o is divided by 169?
164
Let k = 8 + 0. Let o(j) = -j**3 + 6*j**2 - 2*j - 8. What is the remainder when o(4) is divided by k?
0
Let b(i) = -i**2 - 9. Let t(m) = -2*m**2 - 25. Let w(d) = 11*b(d) - 4*t(d). Let c be w(3). Calculate the remainder when 126 is divided by (c/4)/(4/(-8) - 0).
9
Let m = 5629 + -5468. What is the remainder when m is divided by 6?
5
Let f(b) = b**2 + 11*b - 7. Let j be f(0). Let l(w) = 2*w**2 - 15*w + 3. What is the remainder when l(j) is divided by 21?
17
Suppose -l = y + 2*y - 9, l - 2*y = -1. What is the remainder when 15 is divided by (-75)/(-24) + l/(-24)?
0
Let b = -3314 + 3549. Calculate the remainder when b is divided by 212.
23
What is the remainder when 3980 is divided by (-36)/(-15)*(-100)/(120/(-6))?
8
Suppose -194 - 106 = -2*m. Calculate the remainder when m is divided by 146.
4
Suppose 1357*x + 3475 = 1362*x + 5*f, 3*x - f - 2069 = 0. Calculate the remainder when x is divided by 227.
10
Let o be (-1 - 20/(-12)) + (-3)/(-9). Let k(n) = -3*n + n - 1 + 2*n + 13*n**2. What is the remainder when 35 is divided by k(o)?
11
Let c(p) = 4 - p + 0 + p**2 + 0. Let y = -136486 - -136493. What is the remainder when y is divided by c(0)?
3
Let a(n) = -n**3 + 21*n**2 - 22*n + 55. Let d be a(20). Suppose -k - 126 = -d*k. What is the remainder when 474 is divided by k?
6
Let p(w) = 3*w - 1. Let v(d) = 3*d - 95. Let r(h) = 6*p(h) + v(h). Calculate the remainder when r(12) is divided by 14.
11
Let b(l) = -20*l - 2. Let k be b(1). What is the remainder when (-2)/(((-60)/(-298))/(-15)) is divided by (-1365)/(-55) + (-4)/k?
24
Suppose 0 = -7*f + 4*f + 6, 4*f - 17 = -3*x. Suppose -2*b + 6*b - 24 = 0. What is the remainder when x*(-15)/10*-2 is divided by b?
3
Suppose -2*v + 429 = 3*m, 0 = -5*m - 64*v + 61*v + 715. What is the remainder when m is divided by 49?
45
Calculate the remainder when 1928 is divided by (-14)/10 - (-221)/(-195)*-213.
8
Let q(l) = -l**3 - 12*l**2 - 13*l - 5. Let a be q(-10). Suppose -77 = -3*r - 212. Let x = r - a. Calculate the remainder when x is divided by 16.
14
Let f(j) = -3*j + 33. What is the remainder when 370 is divided by f(2)?
19
Let f(d) = 15*d - 302. What is the remainder when 99 is divided by f(22)?
15
Suppose 0 = c + c - 38. Suppose -44*h - 10 = -49*h. Calculate the remainder when c is divided by (10 + -3)/28*h*22.
8
Suppose 0 = -2*z + z + 2*u + 13, 0 = -3*z - 2*u + 31. Calculate the remainder when z is divided by (-2163)/206*(-4)/14.
2
Let a(c) = 12*c + 38. Let z(i) = 2. Let j(k) = -a(k) + 8*z(k). What is the remainder when j(-13) is divided by 34?
32
Let w = 717 + -240. Calculate the remainder when w is divided by 48.
45
Suppose 0 = 5*g - 28 - 97. Suppose 0 = -q - 5*t + g, -3*q + 62 = q + t. Suppose q*k = 11*k + 64. Calculate the remainder when 44 is divided by k.
12
Suppose -i - b = -61, 179 = -0*i + 3*i + 2*b. Let j(m) = -2*m - 3. Let c be j(-4). Suppose -c*r + i + 8 = 0. What is the remainder when r is divided by 6?
1
Suppose -616*a + 629*a = 2353. Calculate the remainder when 534 is divided by a.
172
Suppose 0 = 5*l + 50 - 30. Let t(m) = -m**3 - 2*m**2 + 8*m + 17. What is the remainder when 64 is divided by t(l)?
13
Suppose 4*o - 5*s = -0*o + 1105, 5*o + 4*s - 1330 = 0. Let u(c) = -3*c**3 - c**2 + 7*c + 10. What is the remainder when o is divided by u(-2)?
14
Let v(h) = h**3 - 61*h**2 - 8*h + 8. Calculate the remainder when 22 is divided by v(0).
6
Let g(q) = q**2 + 13*q - 121. What is the remainder when g(7) is divided by 12?
7
Let p(m) = 4*m**2 - 21 + 16*m + 10 + 5. What is the remainder when p(-7) is divided by 29?
20
Suppose -12*j - 5*x + 143 = 9*j, j - 5*x - 33 = 0. Calculate the remainder when 606 is divided by j.
6
Let o(i) = i - 16. Let u(v) = v - 1. Let g be (-3)/(8/(32/6)). Let q(n) =